eatest common factor of 91 and 32123.
91
What is the greatest common factor of 9 and 4149?
9
What is the greatest common factor of 105 and 20475?
105
Calculate the greatest common factor of 42 and 7728.
42
What is the greatest common factor of 259 and 74?
37
Calculate the highest common factor of 260 and 1196.
52
Calculate the highest common divisor of 146 and 2993.
73
What is the greatest common factor of 100 and 10300?
100
Calculate the highest common divisor of 123 and 21.
3
Calculate the highest common divisor of 4 and 16.
4
Calculate the greatest common divisor of 27 and 6858.
27
Calculate the greatest common divisor of 24 and 86376.
24
What is the highest common factor of 200 and 125?
25
Calculate the greatest common divisor of 23 and 6739.
23
What is the greatest common factor of 2134 and 22?
22
Calculate the highest common factor of 2660 and 980.
140
What is the highest common divisor of 105 and 84?
21
What is the highest common divisor of 19 and 1?
1
What is the greatest common divisor of 2022 and 54?
6
What is the highest common factor of 30 and 2?
2
What is the highest common divisor of 1220 and 100?
20
What is the greatest common divisor of 10817 and 58?
29
Calculate the highest common factor of 216 and 324.
108
What is the greatest common divisor of 38 and 171?
19
Calculate the highest common divisor of 260 and 1157.
13
What is the greatest common factor of 24 and 34692?
12
Calculate the highest common factor of 475 and 285.
95
Calculate the greatest common factor of 22 and 1034.
22
What is the highest common divisor of 66 and 270?
6
What is the highest common divisor of 692 and 9169?
173
What is the highest common factor of 69300 and 154?
154
Calculate the highest common divisor of 164 and 4.
4
What is the highest common factor of 7 and 2?
1
What is the highest common factor of 18 and 42?
6
What is the highest common factor of 66 and 75?
3
What is the highest common divisor of 3807 and 162?
81
Calculate the highest common divisor of 33 and 1023.
33
Calculate the greatest common divisor of 96 and 3392.
32
Calculate the highest common factor of 3198 and 78.
78
What is the greatest common factor of 5004 and 36?
36
What is the highest common divisor of 8 and 13448?
8
Calculate the greatest common divisor of 24 and 5556.
12
Calculate the highest common factor of 9 and 24705.
9
What is the greatest common factor of 9737 and 107?
107
Calculate the highest common factor of 355 and 3479.
71
What is the highest common divisor of 126 and 288?
18
What is the greatest common divisor of 3 and 1065?
3
What is the highest common factor of 18 and 24?
6
What is the highest common factor of 5 and 103?
1
What is the highest common divisor of 26 and 26?
26
Calculate the greatest common divisor of 202 and 909.
101
Calculate the highest common factor of 46 and 14743.
23
Calculate the highest common divisor of 5673 and 244.
61
What is the greatest common divisor of 540 and 2916?
108
What is the greatest common divisor of 21079 and 197?
197
What is the highest common factor of 8 and 472?
8
What is the highest common factor of 75 and 6225?
75
What is the highest common divisor of 27 and 6021?
27
What is the greatest common factor of 395 and 10112?
79
What is the greatest common factor of 7774 and 676?
338
Calculate the greatest common factor of 96 and 2136.
24
What is the highest common factor of 147 and 24?
3
Calculate the greatest common factor of 354 and 2065.
59
What is the greatest common factor of 4005 and 90?
45
Calculate the greatest common factor of 1043 and 7.
7
What is the highest common factor of 3553 and 627?
209
What is the greatest common divisor of 405 and 5?
5
What is the highest common divisor of 18 and 225?
9
Calculate the highest common divisor of 432 and 294.
6
Calculate the greatest common divisor of 27 and 11907.
27
Calculate the highest common factor of 81 and 2232.
9
Calculate the greatest common divisor of 1386 and 1232.
154
Calculate the greatest common factor of 1452 and 48.
12
What is the greatest common factor of 90 and 750?
30
Calculate the greatest common divisor of 858 and 78.
78
What is the highest common divisor of 1161 and 86?
43
What is the highest common divisor of 8 and 3?
1
Calculate the highest common factor of 185 and 160.
5
Calculate the greatest common divisor of 104 and 910.
26
What is the highest common divisor of 329 and 1081?
47
What is the highest common divisor of 1914 and 396?
66
Calculate the greatest common divisor of 4 and 652.
4
Calculate the highest common factor of 75 and 165.
15
What is the highest common divisor of 384 and 528?
48
What is the highest common factor of 835 and 10?
5
Calculate the greatest common factor of 100 and 70.
10
Calculate the greatest common factor of 81 and 288.
9
Calculate the greatest common factor of 167 and 1336.
167
Calculate the greatest common divisor of 903 and 12.
3
Calculate the highest common factor of 55 and 1430.
55
Calculate the greatest common divisor of 108 and 3294.
54
Calculate the highest common factor of 7 and 9.
1
What is the greatest common factor of 27 and 3?
3
What is the greatest common factor of 3630 and 55?
55
Calculate the greatest common factor of 8845 and 580.
145
What is the greatest common divisor of 119 and 9401?
119
Calculate the highest common factor of 130 and 5135.
65
Calculate the greatest common divisor of 308 and 84.
28
Calculate the greatest common factor of 212 and 583.
53
What is the greatest common factor of 14 and 2408?
14
What is the highest common factor of 25 and 25?
25
What is the highest common divisor of 3841 and 835?
167
What is the greatest common divisor of 22 and 10?
2
Calculate the greatest common factor of 2 and 2186.
2
What is the highest common factor of 475 and 247?
19
What is the greatest common factor of 78 and 1742?
26
What is the highest common factor of 282 and 38916?
282
Calculate the greatest common factor of 110 and 572.
22
Calculate the highest common factor of 15 and 775.
5
Calculate the greatest common divisor of 22 and 176.
22
What is the greatest common divisor of 5341 and 343?
49
Calculate the greatest common divisor of 235 and 188.
47
Calculate the highest common divisor of 4140 and 450.
90
What is the highest common divisor of 306 and 4086?
18
What is the highest common factor of 11 and 1023?
11
Calculate the greatest common factor of 13 and 12285.
13
Calculate the highest common divisor of 736 and 552.
184
Calculate the greatest common factor of 132 and 473.
11
What is the greatest common factor of 176 and 32?
16
What is the highest common factor of 264 and 10494?
66
Calculate the greatest common divisor of 10968 and 24.
24
What is the highest common factor of 160 and 280?
40
What is the highest common factor of 435 and 45?
15
What is the greatest common factor of 2630 and 10?
10
What is the greatest common factor of 6 and 6414?
6
Calculate the highest common factor of 78 and 1040.
26
What is the highest common divisor of 1463 and 247?
19
Calculate the highest common divisor of 18 and 237.
3
What is the highest common divisor of 368 and 3404?
92
Calculate the highest common divisor of 703 and 74.
37
Calculate the highest common factor of 136 and 16.
8
What is the greatest common factor of 39 and 741?
39
Calculate the greatest common divisor of 531 and 9.
9
Calculate the greatest common factor of 83 and 664.
83
Calculate the highest common divisor of 3577 and 7.
7
What is the greatest common factor of 14 and 6328?
14
Calculate the highest common factor of 1343 and 34.
17
What is the highest common divisor of 10212 and 1554?
222
Calculate the highest common factor of 14801 and 41.
41
Calculate the highest common divisor of 2 and 32.
2
Calculate the greatest common factor of 11 and 352.
11
What is the highest common factor of 4433 and 715?
143
What is the highest common factor of 4872 and 42?
42
What is the highest common divisor of 2009 and 41?
41
Calculate the highest common factor of 20750 and 250.
250
Calculate the highest common factor of 52 and 260.
52
Calculate the greatest common divisor of 80 and 8896.
16
Calculate the greatest common factor of 259 and 14.
7
Calculate the highest common factor of 3500 and 2.
2
Calculate the highest common factor of 228 and 732.
12
What is the highest com